r when 23879 is divided by 173.
5
What is the remainder when 1457 is divided by 10?
7
Calculate the remainder when 3156 is divided by 398.
370
What is the remainder when 16579 is divided by 2355?
94
What is the remainder when 3668 is divided by 83?
16
What is the remainder when 15519 is divided by 1803?
1095
Calculate the remainder when 13886 is divided by 3352.
478
Calculate the remainder when 139526 is divided by 178.
152
Calculate the remainder when 9680 is divided by 2910.
950
Calculate the remainder when 116860 is divided by 203.
135
What is the remainder when 1456 is divided by 130?
26
What is the remainder when 1659 is divided by 103?
11
Calculate the remainder when 3522 is divided by 140.
22
Calculate the remainder when 269568 is divided by 56.
40
What is the remainder when 139316 is divided by 129?
125
Calculate the remainder when 1777437 is divided by 39.
12
Calculate the remainder when 25305 is divided by 4118.
597
Calculate the remainder when 2986 is divided by 83.
81
What is the remainder when 584540 is divided by 87?
74
Calculate the remainder when 14011 is divided by 268.
75
What is the remainder when 6155 is divided by 56?
51
Calculate the remainder when 150133 is divided by 2502.
13
Calculate the remainder when 3467 is divided by 3460.
7
What is the remainder when 2960 is divided by 335?
280
Calculate the remainder when 4873 is divided by 74.
63
What is the remainder when 1658 is divided by 1633?
25
What is the remainder when 209998 is divided by 8?
6
Calculate the remainder when 290 is divided by 65.
30
What is the remainder when 1761 is divided by 104?
97
What is the remainder when 513625 is divided by 57?
55
What is the remainder when 976331 is divided by 278?
273
What is the remainder when 43206 is divided by 134?
58
What is the remainder when 8856 is divided by 975?
81
What is the remainder when 952 is divided by 50?
2
What is the remainder when 24852 is divided by 371?
366
What is the remainder when 3142542 is divided by 5?
2
What is the remainder when 6362832 is divided by 115?
112
What is the remainder when 12068 is divided by 327?
296
What is the remainder when 581207 is divided by 183?
182
What is the remainder when 2601056 is divided by 103?
100
What is the remainder when 1387 is divided by 45?
37
Calculate the remainder when 57682 is divided by 228.
226
Calculate the remainder when 312968 is divided by 11.
7
Calculate the remainder when 30383 is divided by 3797.
7
What is the remainder when 7285 is divided by 45?
40
Calculate the remainder when 80119 is divided by 8010.
19
What is the remainder when 66666 is divided by 1708?
54
What is the remainder when 4985 is divided by 1605?
170
Calculate the remainder when 947 is divided by 709.
238
What is the remainder when 8803 is divided by 52?
15
What is the remainder when 74325 is divided by 24734?
123
What is the remainder when 108522 is divided by 76?
70
What is the remainder when 765 is divided by 688?
77
What is the remainder when 887 is divided by 69?
59
Calculate the remainder when 71861 is divided by 14362.
51
Calculate the remainder when 1995 is divided by 25.
20
Calculate the remainder when 2396 is divided by 8.
4
Calculate the remainder when 368373 is divided by 52624.
5
Calculate the remainder when 6318 is divided by 144.
126
Calculate the remainder when 31061 is divided by 10.
1
Calculate the remainder when 2499 is divided by 2494.
5
Calculate the remainder when 4335 is divided by 93.
57
What is the remainder when 74157 is divided by 50?
7
What is the remainder when 60833 is divided by 5528?
25
What is the remainder when 13272 is divided by 867?
267
Calculate the remainder when 6770 is divided by 1350.
20
Calculate the remainder when 633564 is divided by 147.
141
Calculate the remainder when 1795 is divided by 153.
112
Calculate the remainder when 609472 is divided by 173.
166
What is the remainder when 58421 is divided by 273?
272
Calculate the remainder when 5007 is divided by 20.
7
Calculate the remainder when 327872 is divided by 89.
85
Calculate the remainder when 342649 is divided by 21415.
9
Calculate the remainder when 3983 is divided by 1982.
19
Calculate the remainder when 9591 is divided by 37.
8
What is the remainder when 5226 is divided by 186?
18
Calculate the remainder when 47491 is divided by 4.
3
What is the remainder when 120967 is divided by 1175?
1117
Calculate the remainder when 27924 is divided by 3987.
15
What is the remainder when 281 is divided by 76?
53
Calculate the remainder when 117531 is divided by 13059.
0
What is the remainder when 14812 is divided by 224?
28
What is the remainder when 51731 is divided by 15?
11
Calculate the remainder when 3428 is divided by 1130.
38
Calculate the remainder when 49954 is divided by 99.
58
Calculate the remainder when 2008 is divided by 89.
50
What is the remainder when 14053 is divided by 34?
11
Calculate the remainder when 11952 is divided by 1355.
1112
What is the remainder when 15869 is divided by 178?
27
Calculate the remainder when 8393 is divided by 384.
329
What is the remainder when 34666 is divided by 15?
1
Calculate the remainder when 2554 is divided by 411.
88
What is the remainder when 614525 is divided by 31?
12
Calculate the remainder when 16761 is divided by 1280.
121
What is the remainder when 159594 is divided by 257?
254
Calculate the remainder when 819 is divided by 537.
282
What is the remainder when 29706 is divided by 170?
126
What is the remainder when 1394 is divided by 337?
46
Calculate the remainder when 14635 is divided by 7301.
33
Calculate the remainder when 1465372 is divided by 13.
12
Calculate the remainder when 200441 is divided by 13362.
11
Calculate the remainder when 28010 is divided by 1168.
1146
What is the remainder when 4259 is divided by 834?
89
What is the remainder when 3150063 is divided by 16?
15
Calculate the remainder when 3884 is divided by 1543.
798
Calculate the remainder when 35151 is divided by 502.
11
Calculate the remainder when 1656 is divided by 1631.
25
What is the remainder when 11434 is divided by 3809?
7
What is the remainder when 68773 is divided by 21?
19
What is the remainder when 42769 is divided by 3888?
1
What is the remainder when 127442 is divided by 4247?
32
Calculate the remainder when 2193 is divided by 2182.
11
Calculate the remainder when 2872 is divided by 475.
22
What is the remainder when 6041 is divided by 89?
78
What is the remainder when 723 is divided by 379?
344
Calculate the remainder when 174828 is divided by 96.
12
Calculate the remainder when 7857 is divided by 10.
7
What is the remainder when 1145 is divided by 395?
355
Calculate the remainder when 1190 is divided by 10.
0
What is the remainder when 23717 is divided by 57?
5
What is the remainder when 117611 is divided by 972?
971
Calculate the remainder when 18831 is divided by 146.
143
What is the remainder when 206090 is divided by 27?
26
What is the remainder when 2303 is divided by 43?
24
Calculate the remainder when 2361 is divided by 377.
99
Calculate the remainder when 4803 is divided by 1595.
18
Calculate the remainder when 1415 is divided by 1400.
15
What is the remainder when 844 is divided by 160?
44
Calculate the remainder when 979 is divided by 131.
62
What is the remainder when 362122 is divided by 252?
250
What is the remainder when 49367 is divided by 264?
263
What is the remainder when 62787 is divided by 167?
162
What is the remainder when 288633 is divided by 36077?
17
Calculate the remainder when 373137 is divided by 540.
537
What is the remainder when 176446 is divided by 66?
28
Calculate the remainder when 40805 is divided by 426.
335
Calculate the remainder when 325294 is divided by 81322.
6
What is the remainder when 3492 is divided by 1600?
292
Calculate the remainder when 2191 is divided by 374.
321
What is the remainder when 4898 is divided by 103?
57
What is the remainder when 443515 is divided by 658?
23
Calculate the remainder when 3148882 is divided by 281.
277
Calculate the remainder when 1106 is divided by 347.
65
Calculate the remainder when 2863 is divided by 539.
168
What is the remainder when 78487 is divided by 365?
12
Calculate the remainder when 149024 is divided by 37.
25
What is the remainder when 238751 is divi